is divided by d.
30
Suppose -20*s - 75 = -35*s. Let d(w) = 11*w + 7. Let m be d(6). Suppose -4*g + g + m = s*b, 2*g - 27 = b. What is the remainder when g is divided by 4?
0
Let h(s) = -19*s - 27. Let q be h(-8). Suppose 4*u - 301 = -q. Calculate the remainder when u is divided by 12.
8
Let k(a) = a**3 - 14*a**2 + 12*a + 5. Let z be k(13). Calculate the remainder when 1/((-1)/(-3)) - 2264/z is divided by 48.
46
Let s(h) = -h**3 + 48*h**2 - 13*h - 690. What is the remainder when 2955 is divided by s(46)?
11
Let q(b) = 3*b**2 + 3*b + 5. Let o be q(-3). Let a = -9 + o. Suppose 39 + 84 = 3*d. Calculate the remainder when d is divided by a.
13
Let b = 5 + 14. Let l(z) = 5*z**2 + 57*z - 120. Calculate the remainder when b is divided by l(2).
5
Suppose -3*s = 18 - 3. What is the remainder when (-43)/s + -9 + (-317)/(-5) is divided by 50?
13
Let q(n) = -n**2 - 16*n - 13. Let z be q(-14). Let d(o) = -o**3 - 9*o**2 - 14*o + 26. What is the remainder when d(-8) is divided by ((-66)/9)/((-10)/z)?
8
Let z = 191 - 186. Suppose 0 = -4*b - 4, -2*m - m + z*b = -26. What is the remainder when 22 is divided by m?
1
Let n be 70 - ((-8)/20*-10 + 1). Suppose 2*p + 11 = 66*g - n*g, 4*g + 4*p = -4. Calculate the remainder when 47 is divided by g.
2
Let b = 90231 - 89755. Suppose 5*s - 295 = -5*x, 4*x - 4*s = x + 184. What is the remainder when b is divided by x?
56
Let x = -13766 + 21792. Calculate the remainder when x is divided by 6.
4
Suppose 0 = -s - 821*o + 815*o + 226, -s - 5*o = -219. Calculate the remainder when 593 is divided by s.
41
Suppose 0 = -5*u + 2*r + 149, -85*r + 82*r - 6 = 0. Suppose -51 = 5*f + 69. Let x = -8 - f. Calculate the remainder when u is divided by x.
13
Let d be (-21)/(-49) + (-184)/(-28). Suppose 14*r = -d*r + 399. What is the remainder when 99 is divided by r?
4
Suppose 58*u - 34808 = 20*u. Let f = -856 + u. Calculate the remainder when 538 is divided by f.
58
Let i(l) = -l**3 - 3*l**2 + 4*l - 18. Let u be i(-7). Let t = 161 - u. Calculate the remainder when 63 is divided by t.
8
Let f(i) = i**2 - 191*i - 1749. Calculate the remainder when 1559 is divided by f(-9).
29
Let s = -2 - -4. Suppose -2*d + 9 = y, 52*y + 4 = 48*y. Suppose 2*v - d*f - 34 = s, 4*v = 3*f + 86. What is the remainder when v is divided by 12?
11
Suppose -2737*r + 2718*r = -798. What is the remainder when r is divided by 34?
8
What is the remainder when 65 is divided by (-192)/42*7/(-2)?
1
Suppose -h - 114 = -3*h. Let x be 10/45*24 + (-1)/3. Suppose 0 = 13*y - x*y - 240. What is the remainder when h is divided by y?
27
Let c = -2 - -6. Let q = -61967 + 61988. What is the remainder when ((-103)/2)/((-2)/c) is divided by q?
19
Suppose -65 = 6*d + 1639. Let l = d + 438. Calculate the remainder when l is divided by 13.
11
Let l = -743 - -782. Suppose -z - 3*z + 8 = 0. Suppose z*v - l = -v. What is the remainder when 61 is divided by v?
9
Let w be 4/(-22) - (-6)/33. Calculate the remainder when w - 2 - (-3 + (-24)/4) is divided by 5.
2
Let t(g) = -188*g - 3970. What is the remainder when t(-27) is divided by 70?
56
Let s(g) = g**3 + g**2 + 47*g + 86. Suppose 0 = -8*t + 3971 - 1243. Calculate the remainder when t is divided by s(0).
83
Suppose -19 = p - 0*l - 4*l, -2*p + 5*l = 41. Let y = -25 - p. Calculate the remainder when y/(-7) + 68/7 is divided by 4.
2
Let g = 24 - 24. Suppose 8*l + 3 - 3 = g. Suppose 0*d - 6*d + 126 = l. Calculate the remainder when 82 is divided by d.
19
Calculate the remainder when -4 - (11 - 36/(-45)*-1315) is divided by 215.
177
Let q(g) = 40*g - 11. Let x be q(3). Let w = -101 + x. Calculate the remainder when 52 is divided by w.
4
Let m = 114 + -124. What is the remainder when m/75 + (-287)/(-15) is divided by 14?
5
Suppose -4*b + 84 = -2*b. Let s = -105482 - -105547. Calculate the remainder when s is divided by b.
23
Suppose -w + 8 + 0 = 0. Suppose 4*u + 14 = -2*h, 5*h + u = 2 + w. Let y(o) = -o**3 + 20*o**2 - 20*o + 22. What is the remainder when y(19) is divided by h?
0
What is the remainder when 7766 is divided by 150 + ((-98)/7 - 2)?
128
Let n(h) = -9*h + 1. Let g be n(4). Let k = 450 + -409. Let o = g + k. Calculate the remainder when 20 is divided by o.
2
Let b(a) = a**2 + a + 3. Let j be b(-9). Let t = j + -23. Let r = -17842 + 17869. Calculate the remainder when t is divided by r.
25
Let o be (-3)/5 + (1186/10 - -2). Let l = o + -107. Calculate the remainder when 88 is divided by l.
10
Suppose 6*p - 134 = 4*p. Calculate the remainder when p is divided by (-24)/40 - 2*(-318)/60.
7
Suppose 5 = 5*k - 4*y, 4 = 5*k + 3*y - 1. Let t = k + 64. Let d(m) = 59*m**2 + 1945*m - 49. What is the remainder when t is divided by d(-33)?
14
Let c(d) = -9*d + 252. Let h(a) = a**3 - 7*a**2 + a - 2. What is the remainder when h(8) is divided by c(24)?
34
Let d(v) = 2*v**3 + 3*v**2 + 8*v - 4. Calculate the remainder when d(5) is divided by 133/(-798) + 5613/198 - 2/11.
25
Suppose -2*a + 1107 = 5*c, -4*a - 256 - 624 = -4*c. Calculate the remainder when 224 is divided by (-2)/17 - ((-689)/c + -2).
4
Suppose 11*o - 15*o = 0, -i + 5*o + 319 = 0. Suppose -1 + 20 = x. What is the remainder when i is divided by x?
15
Suppose 3*r + t - 7 = 0, 5*t + 30 = 5. Suppose v + 3*v - 4 = 4*d, -v - 4*d + 6 = 0. Suppose 8*w + v = 82. Calculate the remainder when w is divided by r.
2
Suppose -4*h + 164 = 4*r, 14 - 179 = -4*r - 3*h. What is the remainder when 10917 is divided by r?
39
Suppose -w + 30 = -2*h - 2*h, 3*w - 5 = -5*h. Calculate the remainder when ((-3)/4)/(66/(-1672)) is divided by w.
9
Suppose -28*x + 1485 = -17*x. Calculate the remainder when 1347 is divided by x.
132
Suppose 289 = -65*x + 2629. What is the remainder when 2581 is divided by x?
25
Suppose 5*a - k - 126 - 274 = 0, 0 = -4*a - 18*k + 132. Suppose -1245 = -4*m - p, 5*m - 2*p - 1525 = 3*p. Calculate the remainder when m is divided by a.
76
Calculate the remainder when 3507 is divided by (-12 - (-16 - 95)) + -21.
75
Let t be (0 - -4) + -1 + 16. Suppose 0 = -2*p + 3*m + 46, 4*p - m - 53 = t. Let a(i) = -16*i + 2. Calculate the remainder when a(-6) is divided by p.
13
Let m(k) = 2*k**3 - 8*k**2 + 16*k + 7. Suppose -35 = -4*z - 7. What is the remainder when m(z) is divided by 13?
10
What is the remainder when (116/(-6))/(((-6)/(-261))/(-2)) is divided by 187?
186
Let h(a) = -a**3 - 8*a**2 + 2*a + 9. Let b be h(-8). Let r = b + 14. Let c = -103 + 123. What is the remainder when c is divided by r?
6
Suppose 5*o + 5*l = 105, 10*o = 5*o + 5*l + 85. Let f(b) = 3*b**2 - 13*b + 5. Let m be f(4). What is the remainder when o is divided by ((m - 4) + 5 - 5) + 8?
4
Suppose -42*s + 44*s - r = 948, -3*s - 3*r = -1395. Calculate the remainder when s is divided by 163.
145
Suppose 97128 = 66*d + 76*d. What is the remainder when d is divided by 136?
4
Let l(p) = 3*p**2 + 25*p + 31. Let b be l(-7). Suppose -k - b*j + 68 = 0, 0 = k - 5*j + 9*j - 72. What is the remainder when k is divided by 19?
18
Let s = 111 + -55. Suppose 25 = 3*o - 2*o. Calculate the remainder when (s/(-6))/(48/(-504)) is divided by o.
23
Let a(m) = -12*m**2 - 4*m - 20. Let z be a(-6). What is the remainder when 94 is divided by (-2)/15 - z/60?
3
Suppose -3*g = g - 100. What is the remainder when (-1)/(((6/(-4))/3)/(298/4)) is divided by g?
24
Let h(z) = -10*z + 2. Let b be h(-1). Let j(t) = 4*t - 33. Let c be j(b). Suppose -2*a = -7*a + c, -5*a = f - 21. What is the remainder when 16 is divided by f?
4
Let m = -16592 + 19992. What is the remainder when m is divided by 5?
0
Suppose 0 = 29*s + 432 - 9306. What is the remainder when s is divided by 159?
147
Suppose w = 4*w + 5*j - 292, -5*j = -10. Suppose 0 = h - 2, 5*g - 579*h = -584*h + 70. What is the remainder when w is divided by g?
10
Let t = 9 + 40. Let v(i) = 6*i + 305. Calculate the remainder when v(-36) is divided by t.
40
Suppose -6378 - 6098 = -144*o - 956. What is the remainder when 141 is divided by o?
61
Suppose -4*l - 25 = -a, 5*a = -5*l + l + 5. Let j = l + 55. Suppose -108 = 1733*g - 1739*g. What is the remainder when j is divided by g?
14
Let r(q) = -4*q + 40. What is the remainder when r(-4) is divided by 3*6 - (-33)/(-12 + 1)?
11
Suppose -9*i + 38 = 11. Suppose -6*z + 216 = i*z. What is the remainder when ((-51)/2)/(4*(-3)/z) is divided by 9?
6
Suppose 67*u - 846 = -27*u. Let l 